38?
36
Let q(p) be the first derivative of -5*p**2 - 205*p + 193. What is the remainder when 171 is divided by q(-25)?
36
Suppose 3*m - 230 = 3*u + 10, 78 = m - 3*u. Let h = m + -56. What is the remainder when h is divided by 28/4 + (16 - 9)?
11
Suppose -5*v + 1062 = 4*t, -2*t + v + 806 = t. Let w = t - 181. Calculate the remainder when w is divided by 11.
10
Let c(x) be the third derivative of -x**5/60 + 3*x**4/8 - 17*x**3/6 - 20*x**2. Calculate the remainder when 10 is divided by c(4).
1
Let y be (-6 + (-195)/(-10))*6/1. What is the remainder when (y/15 - 6) + 506/10 is divided by 2/2 - (-64)/4?
16
Let p = -82 + 118. Suppose 0 = x + m - p + 7, x - 29 = -4*m. What is the remainder when 112 is divided by x?
25
Let d = 10233 - 10160. What is the remainder when 166 is divided by d?
20
Let x(k) = -9*k**3 + k. Suppose -a - 9*f = -8*f + 211, 4*f = -2*a - 424. What is the remainder when (-179)/(-6) + (-35)/a is divided by x(-1)?
6
Let q(y) = -y**2 - 14*y - 5. Let r be q(-13). Suppose 5*x = 5*t + 620, -r*x - 5*t = -12*x + 494. What is the remainder when x is divided by 16?
14
Let i = -6114 - -6605. What is the remainder when i is divided by 210?
71
Suppose 4*m + 5*j - 1238 = 0, -4*m - j + 786 = -460. Calculate the remainder when m is divided by (1/(14/105))/(6/28).
32
Suppose -5*k + 85 = 5*u, 0 = -4*u - 5*k + 65 + 1. Calculate the remainder when -15 + 18940/260 - (11/13 + -1) is divided by u.
1
Let c = 141 - 126. Suppose -33 = -c*v + 4*v. Suppose -5*s + 15 = 0, 0*k - v*s - 75 = -2*k. Calculate the remainder when 165 is divided by k.
39
Let p be 1 - (-1 - -6 - 6). Suppose -p*i + 4*b = -52, -23*i + 19*i + 112 = -4*b. What is the remainder when 297 is divided by i?
27
Suppose j - 4*i = 10, 7*j - 3*j - i = 25. Suppose 360 = v + 3*v. Suppose 3*k = -j*k + v. What is the remainder when 47 is divided by k?
7
Suppose 3*a - 7491 = -4*u, -22*a + 17*a + 3*u + 12456 = 0. Calculate the remainder when a is divided by 16.
13
Let d(c) = -c**3 + 14*c**2 - 20*c + 110. Let b be d(13). Suppose 0 = 6*s - b*s + 156. What is the remainder when s is divided by 7?
5
Let c be (4 + -6)/(3 - 240/81). Calculate the remainder when (18/c)/((-1)/369) is divided by 14.
11
Let d(m) = -m**2 - 14*m + 544. Calculate the remainder when 1791 is divided by d(-30).
63
Suppose 259*d - 227*d - 4160 = 0. Suppose -3*u = n, -n + 0*n - 4*u - 4 = 0. Calculate the remainder when d is divided by n.
10
Suppose 98*l - 1963 = 17945 - 3542. Calculate the remainder when 7514 is divided by l.
166
Let b = 2901 - 2856. Calculate the remainder when 54 is divided by b.
9
Suppose 3*p = -2*k - 3*k + 9746, -8 = -4*p. Suppose -13*t - 3*x = -14*t + 656, 5*x + k = 3*t. Calculate the remainder when t is divided by 28.
25
Let j = 1693 - 1395. Calculate the remainder when j is divided by 7.
4
Suppose m + 0*c = 4*c, -c = -5*m. Let f = 5 + -8. Calculate the remainder when 16 is divided by (-12)/9*f + m.
0
Suppose -37*v + 23*v + 21*v - 21924 = 0. Calculate the remainder when v is divided by 33.
30
Let b = 91 + -91. What is the remainder when 23 is divided by (-2 - b)/(-2 - (-70)/40)?
7
Let i(v) = 117*v**2 - 1. Suppose 277*s = 271*s + 30. Suppose 0 = 2*y + s*y - 280. Calculate the remainder when i(-1) is divided by y.
36
Suppose -6*d - 5*d = 4*o + 18, -d = -o + 3. What is the remainder when 179 is divided by o?
0
Suppose -s = -0*s. Suppose s = 4*f - 2*u + 4*u - 134, 2*u = 2. Suppose -r - 5*m = -13, 8*r - 11*r + 53 = m. What is the remainder when f is divided by r?
15
Suppose -3*z = -3*x + 210, 0 = 83*z - 79*z - 20. What is the remainder when x is divided by 5?
0
Let y = 6 + 6. Let l be (-8)/(-20)*(-3061 - -1)/(-2). Suppose -4*x - l = -22*x. Calculate the remainder when x is divided by y.
10
Suppose -14*r = 3*r - 51. Suppose 0 = r*i + 3, 0*f + 2*i = -4*f + 18. Calculate the remainder when 33 is divided by f.
3
Suppose 5*k + 5*x = 9*k - 3985, -4*x - 1010 = -k. What is the remainder when 186 is divided by (1 - 16/10)*k/(-22)?
24
Let i be (11/22)/(194/96 + -2). Suppose -114*o = -117*o - i. Calculate the remainder when 153*(o/(-6) + (-3)/9) is divided by 22.
21
Let l(i) = 5*i**3 + i**2 + 3*i - 3. Let j(g) be the second derivative of 5*g**3/3 - 23*g**2/2 - 2*g + 12. Calculate the remainder when l(2) is divided by j(4).
13
Suppose 160 = 4*m + 4. Let q be 186/(-10) - 10*6/150. What is the remainder when m is divided by (-80)/15 + 6 - q/3?
4
Let q = -1198 - -1510. Let n = 5 - -4. Suppose -g - q = -n*g. What is the remainder when 116 is divided by g?
38
Let m = -1792 + 1841. What is the remainder when 2645 is divided by m?
48
Suppose -85*s = -88*s + 540. Suppose -u = -4, c - s = -2*c - 3*u. Calculate the remainder when 110 is divided by c.
54
Let f = -58 + 69. Let n be (f - 2)*(9 + -6). Suppose -22*h + n*h = 150. What is the remainder when h is divided by 11?
8
Let d = 39 - 26. Suppose 57 + d = l. Suppose r - 24 = -a, -8*r + 13*r + 55 = 2*a. Calculate the remainder when l is divided by a.
20
Let b(j) = -j - 7. Let x be b(-7). Suppose x = -2*y + 195 - 11. Suppose 142*c - 139*c = -2*t + 21, -c - 9 = 0. What is the remainder when y is divided by t?
20
What is the remainder when (-3)/(75/(-20))*(188 + (-92)/4) is divided by ((-5)/10)/((-1)/68)?
30
Suppose 0 = -3*g + 6, -5*u + 330 = -2*g - 1376. Let s = u - 298. Suppose -3*c = -c - 24. Calculate the remainder when s is divided by c.
8
Let o(i) = -50*i**3 - 11*i**2 - 22*i - 11. Calculate the remainder when 227 is divided by o(-1).
27
Suppose 0 = 3*d + 5*x - 98, 0*x - 4*x = 2*d - 68. Let q = d - 6. What is the remainder when (59 + -26)/(1/3) is divided by q?
19
Let a = -5117 - -5212. Calculate the remainder when 1233 is divided by a.
93
Let q = 6881 - 6876. Calculate the remainder when 527 is divided by q.
2
Let h = 92 - 162. Let y = -68 - h. Suppose 40*x - y = 39*x. Calculate the remainder when 7 is divided by x.
1
Let s be (-90)/8 + (-3)/4. Calculate the remainder when (-4 - -89) + ((-9)/(-3) - -1) is divided by ((-69)/s)/(3/12).
20
Suppose 48 = 2*d + 44. Let a be (-284)/(-18) - d/(-9). Suppose g = -g + a. Calculate the remainder when g is divided by 8.
0
Let v(g) = 35*g**2 - 26*g + 24. What is the remainder when 123 is divided by v(1)?
24
Suppose -165*d = -4*l - 163*d + 668, -4*d = l - 140. What is the remainder when l is divided by 42?
38
Let w = 2080 - 1979. Let x = -73 + 125. Calculate the remainder when w is divided by x.
49
Calculate the remainder when 4/(-272)*4 - (-1006848)/391 is divided by 16.
15
Let i = 771 - 692. Suppose 2*p = -15 + i. Let o = 1 + 6. What is the remainder when p is divided by o?
4
Let p = 62 - -34. Let d(b) = 4*b + 123. What is the remainder when p is divided by d(-28)?
8
Suppose 2*i - 6 = 3*i - 5*u, 0 = 4*u - 8. Suppose i*d = 84 - 16. Let g = -92 - -102. What is the remainder when d is divided by g?
7
Let b(i) = i**3 - 9*i**2 + 4*i - 3. Let p(x) = -1. Let g(q) = -b(q) - 6*p(q). What is the remainder when g(7) is divided by 156/234 + (-58)/(-3)?
19
Let b = -25927 - -41428. What is the remainder when b is divided by 304?
301
Suppose -8683 + 175984 = 87*y. What is the remainder when y is divided by 74?
73
Suppose -249*l + 262*l - 52 = 0. Calculate the remainder when ((-65)/(-10) - -4)/(2/l) is divided by 4.
1
Let n(z) be the first derivative of -z**4/4 + 8*z**3/3 - z**2/2 + 78*z - 154. What is the remainder when 303 is divided by n(0)?
69
Let j = 19 - 12. Let y(k) = 3*k + 6*k - 5*k - j. What is the remainder when 48 is divided by y(6)?
14
Let p be (-2)/(-3*8/12). Let a be p + 0 + -4 + 0. What is the remainder when (5/(-3))/((8/a)/8) is divided by 4?
1
Suppose -33*f + 2*i - 326 = -35*f, 0 = 2*f + 4*i - 322. Calculate the remainder when f is divided by 65.
35
Let g be 33/15 - 3 - 224/(-5). Suppose z = 3*n + 2*z - 52, 0 = 3*n + 5*z - g. What is the remainder when 29 is divided by n?
11
Let q = -681 + 1254. Let c = -81 - -99. What is the remainder when q is divided by c?
15
Let t = -151 + 222. Let d(z) = 23*z + 1638. Calculate the remainder when d(-56) is divided by t.
66
Let o(v) = -11*v - 65 + 34 + v. What is the remainder when o(-5) is divided by 4?
3
Let x(o) = o**2 + 61*o + 940. Calculate the remainder when 7553 is divided by x(-35).
23
Let j(y) = y**2 - 5*y - 5. What is the remainder when (-34)/(-119) + 1 + (-1690)/(-14) is divided by j(7)?
5
Suppose -g 